number?
True
Is 32850463 composite?
True
Is 11213957 a prime number?
True
Is 2088793 a composite number?
True
Is 17580221 composite?
False
Is 2177787 a prime number?
False
Is 24556009 composite?
True
Is 888593 prime?
False
Is 22402967 a prime number?
True
Is 441229 composite?
False
Is 6566357 a composite number?
True
Is 11396195 a composite number?
True
Is 882773 a prime number?
True
Is 4421791 a prime number?
False
Is 1363259 composite?
False
Is 173709839 prime?
True
Is 2076043 a prime number?
True
Is 3257299 a composite number?
False
Is 218696063 a composite number?
False
Is 2302957 prime?
False
Is 126052397 a prime number?
False
Is 87619073 a composite number?
True
Is 271819 a prime number?
False
Is 6385837 a composite number?
True
Is 1658315 a composite number?
True
Is 2179523 prime?
True
Is 14409167 a prime number?
True
Is 196382605 composite?
True
Is 3486113 composite?
False
Is 6299263 prime?
False
Is 54194281 a composite number?
True
Is 57511679 a composite number?
False
Is 395574607 prime?
False
Is 11675419 composite?
True
Is 3686027 prime?
True
Is 2612123 prime?
True
Is 19873505 composite?
True
Is 58083617 prime?
True
Is 494778457 prime?
False
Is 7961099 a prime number?
False
Is 603377 a composite number?
True
Is 21986711 a prime number?
True
Is 3731033 prime?
False
Is 29996513 a prime number?
True
Is 227318677 prime?
False
Is 114199031 prime?
True
Is 2880259 a composite number?
True
Is 104610719 composite?
False
Is 47225527 a prime number?
True
Is 146513 a prime number?
True
Is 154093 prime?
False
Is 280982563 prime?
True
Is 313348381 a prime number?
True
Is 8754661 a composite number?
True
Is 192160597 prime?
True
Is 7422293 a prime number?
False
Is 3059593 prime?
False
Is 4099441 a prime number?
True
Is 1069989 composite?
True
Is 89844061 a prime number?
True
Is 10263413 prime?
True
Is 221914111 composite?
False
Is 24541427 composite?
False
Is 1078807 prime?
True
Is 119871907 a prime number?
True
Is 51380269 a prime number?
True
Is 521586563 prime?
False
Is 29160097 composite?
False
Is 3267229 a prime number?
False
Is 502919 a composite number?
False
Is 1322059 prime?
False
Is 15970637 a prime number?
True
Is 35889149 a prime number?
False
Is 1122762103 a prime number?
False
Is 5931782 a prime number?
False
Is 55287391 prime?
True
Is 91156621 a composite number?
False
Is 19137917 composite?
True
Is 951571 prime?
True
Is 15828095 a composite number?
True
Is 5648999 composite?
False
Is 386609 prime?
True
Is 1604166169 composite?
True
Is 8606471 composite?
True
Is 29457551 composite?
False
Is 17082053 a prime number?
True
Is 148064233 composite?
False
Is 107265107 prime?
True
Is 486713 a prime number?
True
Is 203052251 a prime number?
True
Is 11015023 composite?
False
Is 2415313 a composite number?
True
Is 362161 prime?
True
Is 9704573 prime?
False
Is 1097723 composite?
True
Is 59498189 a prime number?
False
Is 1769771 a prime number?
True
Is 250207 composite?
True
Is 80918319 a composite number?
True
Is 9689891 prime?
True
Is 260144459 a composite number?
True
Is 11381561 a prime number?
True
Is 257599 prime?
False
Is 305455957 a composite number?
False
Is 3037867 a composite number?
True
Is 904993 composite?
True
Is 711313 a prime number?
False
Is 63403943 composite?
False
Is 3601061 a prime number?
True
Is 441487 a composite number?
True
Is 177111535 a prime number?
False
Is 1201946521 a prime number?
True
Is 77255063 composite?
False
Is 168460031 prime?
True
Is 348786083 a prime number?
True
Is 2856883 composite?
False
Is 2187646 composite?
True
Is 15184967 prime?
False
Is 616334239 a prime number?
True
Is 1143943 a composite number?
False
Is 33767 a composite number?
False
Is 511519 composite?
False
Is 3774899 a prime number?
False
Is 97219 composite?
True
Is 78204617 a composite number?
False
Is 5884583 a prime number?
False
Is 1486003 composite?
False
Is 8031323 a composite number?
False
Is 2369183 a composite number?
False
Is 21450193 composite?
True
Is 102276079 prime?
False
Is 3474859 a prime number?
True
Is 36756341 prime?
True
Is 3333893 prime?
True
Is 2090279 prime?
True
Is 3353851 composite?
False
Is 308995793 a prime number?
True
Is 593836889 prime?
True
Is 18778471 a composite number?
False
Is 1827647 prime?
True
Is 21399047 a prime number?
True
Is 10348817 prime?
True
Is 30592999 a composite number?
True
Is 16299497 a prime number?
True
Is 8889889 a composite number?
False
Is 96181643 a composite number?
False
Is 2878693 a prime number?
True
Is 2024237 a composite number?
False
Is 2817457 composite?
True
Is 211722683 composite?
False
Is 9160087 a composite number?
False
Is 80712427 composite?
False
Is 36929629 composite?
True
Is 71679169 prime?
True
Is 1382153 composite?
True
Is 511991 a prime number?
True
Is 2419679 prime?
True
Is 3686833 a composite number?
False
Is 27238573 a composite number?
True
Is 1129742 composite?
True
Is 9015623 composite?
True
Is 262836407 composite?
True
Is 857304047 a composite number?
True
Is 38992337 prime?
False
Is 11004523 prime?
False
Is 3038513 a composite number?
False
Is 44838239 prime?
False
Is 344111 prime?
True
Is 12590377 a prime number?
False
Is 26632451 prime?
True
Is 3456373 a composite number?
True
Is 7542151 a prime number?
False
Is 3321251 prime?
True
Is 14872885 a prime number?
False
Is 224561539 prime?
True
Is 8065301 prime?
False
Is 19538941 a composite number?
False
Is 82045373 a prime number?
True
Is 5959546 composite?
True
Is 452923 a prime number?
True
Is 29490718 a prime number?
False
Is 2333759 a composite number?
False
Is 132731 a composite number?
True
Is 1198489 prime?
False
Is 15811931 prime?
False
Is 3481691 a composite number?
False
Is 5706691 a composite number?
True
Is 342501691 composite?
True
Is 188922229 a prime number?
True
Is 18676949 composite?
True
Is 127961359 prime?
True
Is 274043083 a composite number?
True
Is 6381985 a prime number?
False
Is 10872427 composite?
True
Is 87243353 a prime number?
False
Is 50434421 a composite number?
False
Is 145582241 composite?
True
Is 49177781 prime?
True
Is 120423433 a composite number?
True
Is 81731383 a prime number?
False
Is 25862539 prime?
False
Is 176849863 prime?
True
Is 896849 composite?
True
Is 263819137 a prime number?
True
Is 1042693 a composite number?
False
Is 18794239 a composite number?
True
Is 55296427 prime?
False
Is 12990641 composite?
False
Is 123110399 composite?
False
Is 424529659 a composite number?
False
Is 410015 a prime number?
False
Is 11800331 a prime number?
False
Is 1767853 a prime number?
False
Is 136985027 a prime number?
True
Is 4744811 composite?
False
Is 337030439 a prime number?
True
Is 25130893 prime?
False
Is 390851 prime?
True
Is 14418073 prime?
True
Is 14141041 composite?
False
Is 145365109 a prime number?
True
Is 20104811 a composite number?
False
Is 561445 a composite number?
True
Is 87659461 composite?
False
Is 6948233 prime?
True
Is 78002143 a prime number?
True
Is 52791079 a prime number?
False
Is 36702641 a composite number?
True
Is 56685029 a prime number?
True
Is 26011751 a prime number?
False
Is 125870897 a prime number?
False
Is 34979281 a composite number?
True
Is 474935699 prime?
False
Is 108870617 a prime number?
False
Is 116029 a prime number?
False
Is 27496257 composite?
True
Is 1564267 prime?
False
Is 1108808747 composite?
False
Is 935243 composite?
False
Is 22746077 a composite number?
False
Is 39242377 a composite number?
False
Is 16723501 composite?
False
Is 109255765 prime?
False
Is 49501427 prime?
False
Is 28886329 a prime number?
False
Is 357123359 prime?
True
Is 10834799 a composite number?
False
Is 359156258 composite?
True
Is 67770597 prime?
False
Is 3193213 prime?
True
Is 45423893 a prime number?
False
Is 18834331 a prime number?
True
Is 24480301 prime?
True
Is 103360601 composite?
True
Is 2208887 composite?
False
Is 1203841 prime?
True
Is 484454 composite?
True
Is 1177385747 prime?
True
Is 39474263 a prime number?
False
Is 334953277 a composite number?
True
Is 58788953 a prime number?
True
Is 305750383 a composite number?
False
Is 60816727 a prime number?
False
Is 44074277 prime?
False
Is 85185883 a prime number?
True
Is 639961 a composite number?
True
Is 2096303 a composite number?
True
Is 2481403 a composite number?
True
Is 10527589 a pri